actors of n?
2, 3, 13
Let c(a) = -a**2 - 10*a + 65. Let i be c(-15). List the prime factors of (-17)/5*1025/i*2.
17, 41
Let c be ((-282)/(-12))/(2/4). Suppose -i = -3*i. Let v = i + c. List the prime factors of v.
47
Suppose 1834 = x - 101*z + 96*z, z = -4*x + 7399. What are the prime factors of x?
43
Suppose 190 = -14*f + 4*f. Let y = 471 + f. What are the prime factors of y?
2, 113
Suppose -10 = 2*y, 4*y + 120290 = 6*k - 0*y. List the prime factors of k.
5, 19, 211
Let f be 1/(-2) + (15/(-6) - -5). Let u be (-2 - -1)/(-1) - (-3 + f). Suppose 2*g - 146 = -2*w, 0 = 4*w + 5*g - u*g - 296. What are the prime factors of w?
7, 11
Suppose 5854 = 15*q - 85586. What are the prime factors of q?
2, 3, 127
Let m be (-2)/(4/(-5))*326/(-163). Let p(u) = -u**3 + 3*u**2 + 8*u + 4. List the prime factors of p(m).
2, 41
Suppose 0 = -3*v - 3873 + 1047 + 19140. List the prime factors of v.
2, 2719
Let b be (1 + 3 + -4)*(-6)/18. Suppose -34*m + 20*m + 7322 = b. List the prime factors of m.
523
Suppose 47*l = 54*l - 252. Suppose -l*m = 3*n - 39*m - 3057, -4090 = -4*n - 3*m. What are the prime factors of n?
1021
Let h(c) = -c**3 + 4*c**2 + 2*c - 9. Let s be h(4). Let d be (s + 13)*28/3. Let x = 188 - d. List the prime factors of x.
2, 19
Suppose -176 = -z + 247. Suppose 0 = x + 140 - z. What are the prime factors of x?
283
What are the prime factors of 6/(375/250 + 10764/(-7178))?
2, 37, 97
Let s(t) = -9999*t + 1673. What are the prime factors of s(-5)?
2, 12917
Suppose 418 = -9*h + 11*h. Suppose 4*v - x - h = 0, v - x - 46 = -2*x. Let b = v - 20. List the prime factors of b.
31
Suppose 6*g - 262980 = -4*g + g. What are the prime factors of g?
2, 3, 5, 487
Let h(u) = -61*u**3 - 15*u**2 - 2*u - 95. List the prime factors of h(-6).
12553
Suppose x = 0, 3*x + 4734 = -264*j + 267*j. List the prime factors of j.
2, 3, 263
Let h(o) = 166*o**2 + 17*o + 19. List the prime factors of h(-7).
2, 3, 13, 103
Suppose -4*y - f = -1, 3 = -0*y + 4*y + 3*f. Let m(a) be the second derivative of a**4/6 + 63*a**2/2 + 26*a. List the prime factors of m(y).
3, 7
Let v = 54833 + -22131. What are the prime factors of v?
2, 83, 197
Suppose 74 = j - y - 0*y, 2*j - 5*y - 163 = 0. Let g = j + -63. Suppose 0 = -5*b + v + 306, -3*b + g*b = -3*v + 198. What are the prime factors of b?
2, 31
Let p be 6/(5/(10/4)). Suppose 2*q - 11*u - 55 = -10*u, -65 = -p*q - 2*u. What are the prime factors of q?
5
Suppose -4*u - 12128 = -y, 2*u = 3*y - 17805 - 18559. List the prime factors of y.
2, 3, 5, 101
List the prime factors of (24006/(-12))/(-1)*2.
4001
Let o be 308/3*(-9)/6. Let k = o - -97. Let h = k + 183. List the prime factors of h.
2, 3, 7
Let r(u) = 47*u - 1. Let o be r(-2). Let g = 2028 - 2053. Let x = g - o. List the prime factors of x.
2, 5, 7
Suppose 5666 = -10*d + 65886. Suppose 1483 = -17*o + d. Suppose -3*f + 5*g = -o, -5*f = -f + 5*g - 321. List the prime factors of f.
2, 3, 7
Let t = 8763 - 1604. List the prime factors of t.
7159
Suppose 3*t = -t - t. Suppose t*x - x = -2. Suppose -6*d + 472 = -x*d. List the prime factors of d.
2, 59
Let r = -116 + 120. Suppose 3*w + 1532 = 4*z, -1532 = -r*z + 3*w - w. What are the prime factors of z?
383
Suppose -5*b - 75864 = -4*w, -w + 1483 = -3*b - 17476. List the prime factors of w.
61, 311
Suppose -675 = 15*r + 225. List the prime factors of 3114/(-15)*r/24.
3, 173
Suppose -68*f = -367408 - 71396. What are the prime factors of f?
3, 239
Suppose 75*j - 3*j = 248472. List the prime factors of j.
7, 17, 29
Suppose 3*p + 3*o = 2*o + 1022, o - 2 = 0. What are the prime factors of p?
2, 5, 17
Let g(m) be the first derivative of 2*m**3/3 + m**2/2 + 7*m + 272. Suppose 7 = 4*z - 5*z. What are the prime factors of g(z)?
2, 7
Let n be -1 + -1 - (-209 + 6 - 0). Suppose n = a - 302. Suppose 0 = -5*j + x + a, -2*j = 2*x - 207 + 1. List the prime factors of j.
101
Suppose 3*p + 460 - 142 = 0. Let v = -9 + p. List the prime factors of (7 + v/15)/((-2)/402).
2, 67
List the prime factors of 10 + 7483 - -10 - -5.
2, 1877
Let s(y) = y**2 - 8*y + 241. Let o be 2*-2 - (-7 - 17)/6. List the prime factors of s(o).
241
Let r = -18965 - -37984. What are the prime factors of r?
7, 11, 13, 19
Suppose -8*b + 468 = -4*b + 4*h, 0 = 3*b - 3*h - 369. Suppose 124*i - b*i - 52 = 0. Suppose k + k + 5*g = 59, i = k - 3*g. What are the prime factors of k?
2, 11
Suppose -2*m = 5*l - 46999, -98*m + l = -100*m + 46979. List the prime factors of m.
3, 7829
Let s(l) = 3*l**2 + 14*l + 81. Let t be s(-10). Let q = t - 167. What are the prime factors of q?
2, 37
Suppose 0 = -5*s - 47 + 47. Suppose -4*l - 19 = -4*i - 3*l, s = -5*i + l + 23. Suppose i*v - 265 - 215 = 0. List the prime factors of v.
2, 3, 5
Let o = -3359 + 12604. List the prime factors of o.
5, 43
Let h be (70/4)/((-1)/(-10)). Suppose -30*w = -621 - 1052 + 353. Let a = h - w. What are the prime factors of a?
131
Let a be (-4)/(-6) - 418/33. Let i(k) = -2*k**3 - 17*k**2 + 18*k - 28. What are the prime factors of i(a)?
2, 191
Suppose 22*v - 50006 = -6776. Suppose 175*g - 172*g = v. What are the prime factors of g?
5, 131
Let w(v) = 568*v**3 - 181*v**2 + 534*v + 2. List the prime factors of w(3).
61, 251
Let r(p) = -123 - 177*p - 164 + 13*p + 378. What are the prime factors of r(-10)?
3, 577
Suppose 488 = 6*y - 340. Let n = -101 + y. Suppose -6*h - n + 787 = 0. What are the prime factors of h?
5
What are the prime factors of (-81912)/(((-12)/36)/(2/12))?
2, 3, 3413
Let g(d) = d**2 - 26*d + 3. Let q be g(26). Suppose -q*o - n + 1394 = -6*n, 2*o + 4*n = 922. List the prime factors of o.
463
Let o = -273 - -285. Let v(b) = b**3 - 8*b**2. List the prime factors of v(o).
2, 3
Let o = 2 + -2. Suppose 5*c = 4*t - 11, o*t - c + 50 = 5*t. What are the prime factors of (-956)/(-12) + (-6)/t?
79
Let y(u) = 3125*u + 3 - 2285*u + 1. List the prime factors of y(1).
2, 211
Let y = 18936 - 10415. What are the prime factors of y?
8521
Suppose -112 = 9*q - 121. What are the prime factors of 0/16 + q*(-963)/(-1)?
3, 107
Suppose 173*u = 176*u - 810. Suppose w - 763 = n, -w + 473 + u = -5*n. What are the prime factors of w?
2, 3
Suppose -2*r + 18387 = -3*u + 1988, 2*r - u = 16401. List the prime factors of r.
59, 139
What are the prime factors of (-21384)/(-22)*(-452)/(-16)?
3, 113
Let i(x) = x**3 + 38*x**2 - 233*x + 20. What are the prime factors of i(-21)?
2, 5, 17, 73
What are the prime factors of (-56671329)/(-6006) - (-3)/14?
2, 7, 337
Let y(r) = 71*r - 895. List the prime factors of y(96).
31, 191
Let c = 53 - 48. Let z(r) = 4*r**2 + 9*r + 12. Let s be z(c). Let f = -86 + s. List the prime factors of f.
71
Suppose 1525 = 4*r - j - 847, -5*r - 4*j = -2944. What are the prime factors of r?
2, 37
What are the prime factors of (-10 + 11 - (25/15)/5)*73473?
2, 19, 1289
List the prime factors of 8282 + -16 - 15 - 9.
2, 13, 317
Let n be 100/6*(-36)/12. List the prime factors of ((-348)/(-10))/(n/(-875)).
3, 7, 29
Suppose -3*i = 4*r - 23, 0 = 2*r - 4*i + 1 - 7. Suppose -11*b - y + 1855 = -10*b, -r*y - 3675 = -2*b. List the prime factors of b.
2, 5, 37
Let s(g) = -g**2 + 6*g + 39. Let h be s(10). What are the prime factors of 99 - -15 - (-1)/(h/(-3))?
3, 13
Let i(r) = 3*r**3 + 4*r + 13. Let k(p) = -4*p**3 - p**2 - 5*p - 15. Let l(j) = 5*i(j) + 4*k(j). List the prime factors of l(-9).
2, 5, 41
Suppose 5*d + 5*s - 74135 = 0, -4*d - 5*s = -32204 - 27100. What are the prime factors of d?
14831
Let w(f) = -4*f + 1. Let y be w(-6). Suppose 2*t = 2*d + 17 + 23, -d + 2*t - y = 0. Let z = 0 - d. What are the prime factors of z?
3, 5
Let v be 3862390/490 + 4/7. What are the prime factors of 14/168 + v/12?
3, 73
List the prime factors of (1/(-11) - 15955511/(-6292))/((-1)/(-4)).
3, 7, 23
Let a(b) = -17*b - 45. Let v(c) = 5. Let p(u) = -a(u) - 6*v(u). Let g = 0 - -3. What are the prime factors of p(g)?
2, 3, 11
Let q be (-6*(-3)/9)/((-1)/(-82)). Suppose -4*t = 5*m - 396, -2*m = -0*m - 4*t - q. What are the prime factors of m?
2, 5
Let w be (1 - 7)/(-3) + -21 + 13. What are the prime factors of (5/(-10))/(w/5472)?
2, 3, 19
Suppose -90*o - 174049 - 66411 = -112*o. What are the prime factors of o?
2, 5, 1093
Suppose 24*f - 9*f = -18*f + 59961. List the prime factors of f.
23, 79
Suppose 3*q + 30 = 3*g, 0 = -5*g + 2*q + 16 + 22. What are the prime factors of (-343)/(15/